+ 188. Let t = n - -72. Suppose 3*a + 2*a = t*w + 6927, -5*w = -2*a + 2775. Is a a composite number?
True
Suppose -19*o - 2153246 = -5250859 - 3396758. Is o a composite number?
True
Let l = -41217 - -58804. Is l composite?
True
Let x be 380/1900 + 6944/5. Let w = -1173 + 4295. Let f = w - x. Is f prime?
True
Is 47911094/238 - (-1 - (-95)/85) composite?
False
Let j(w) = 5*w**2 - 4*w + 2. Let o = 25 - 23. Let n be j(o). Is (n/28)/(2/3964) prime?
True
Suppose -2*q = n - 2, 3*n + q - 6 = 2*q. Suppose i = 5*r - 8, -6*i + 2*i = n*r - 12. Suppose -r*w + 990 + 952 = 0. Is w a prime number?
True
Let i(n) = -n**2 + 6*n + 27. Suppose 2*u = 4*c + 6, 4*u + 16 = c - 0*c. Let h be i(u). Is -2 + (-2)/8 + (-2667)/h a composite number?
True
Is 12/(-32) + 871300/(-32)*(-23)/5 prime?
False
Let m(d) = -7*d**3 - 16*d**2 - 7*d + 57. Is m(-25) a prime number?
True
Let z = -418 + 1640. Let b = 2727 + z. Is b composite?
True
Let w(o) = -3*o + 4. Let x be w(2). Let c be 1/(x + 22/10). Suppose -2838 = c*a - 11*a. Is a a prime number?
False
Let g = -241681 - -420342. Is g composite?
True
Let w be 110/4*((-60)/25 + 4). Let k(t) = 76*t - 67 - 97*t - w*t. Is k(-26) a prime number?
False
Suppose 9*i - 16 + 16 = 0. Suppose 0*t + 18 = -p - 5*t, 2*p + t = i. Suppose 3*l - 3*s - p*s = 8676, 3 = -s. Is l a composite number?
False
Let g = -448549 + 656592. Is g composite?
True
Let n = -4 + -6. Let a(r) be the second derivative of -r**5/20 + 7*r**4/12 + 7*r**3/6 + 7*r**2/2 - 809*r. Is a(n) a prime number?
True
Let v(o) = -99*o**3 + 2*o**2 - 4*o - 1. Let j be v(3). Let d = 2499 - j. Is d a prime number?
True
Let s(g) = -77 - 60 - 768*g - 22 + 6 + 242*g. Is s(-8) prime?
False
Let j(v) = v + 31. Let w be j(-13). Let a be (-55580)/w - 22/99. Let m = a - -4653. Is m a prime number?
False
Suppose -8*d + 7*d - 4*b + 14817 = 0, -3*b = -3. Is d a prime number?
True
Let v = -22 + -2310. Let a = 558 + v. Let r = -303 - a. Is r a prime number?
True
Suppose -3*d = a - 2588, -13*a = -8*a - 5*d - 12880. Is a a prime number?
True
Let a = 12498 + -5093. Is a a prime number?
False
Suppose 0 = -3*r + 12 + 3. Suppose r*x + 11 = 11. Suppose 0 = -y - x*i - i + 131, 2*y - 270 = -4*i. Is y a prime number?
True
Suppose 4*d = -4*h + 109636, h - 13201 = 4*d + 14228. Is h prime?
False
Suppose 10 = -5*v, 3*k = -v + 1608 + 14011. Is k prime?
False
Suppose -2*t + 52 + 8 = a, 0 = -4*t + 4*a + 96. Suppose t*b = 26*b + 4258. Is b prime?
True
Let l be -946 - ((-3)/(-2))/((-3)/(-4)). Let a = 1175 - l. Suppose 783 = -4*t + a. Is t a prime number?
False
Suppose 0 = 7*y - 9*y. Let z = y - -5. Suppose 512 = z*p - 443. Is p a composite number?
False
Let a be 1/(-3) - ((-242)/6 + -1). Let o = a - 17. Is -753*(-4)/10*20/o prime?
True
Let p(j) = -11*j**3 - 48*j**2 - 42*j - 62. Is p(-45) a composite number?
True
Let f(k) = -22*k - 131. Let w be f(-6). Is -2 + (37598/(-88))/(w/(-4)) a prime number?
False
Let c(r) = 458*r - 1059. Is c(8) a prime number?
False
Let i be (-508)/(-6) + 5/15. Is (-10)/4*(-4046)/i composite?
True
Let u(t) = -1894*t - 121. Let w(s) = -5682*s - 372. Let l(h) = -17*u(h) + 6*w(h). Is l(-6) composite?
True
Let z(w) = 54 - 34*w + 70*w - 41*w + 126*w**2. Is z(11) prime?
False
Suppose -19*c = -25 - 13. Suppose c*l = -2*s + 792, -3*s = -0*l + 2*l - 791. Is l a prime number?
True
Let n = -50585 - -76863. Suppose 0 = 4*v + 5*w - n, 0*w + 32827 = 5*v - 4*w. Suppose -22659 - v = -6*s. Is s composite?
False
Let c be (0 + -1 - -4524) + (25 - 20). Let v = c + -1731. Is v prime?
True
Let f(n) be the first derivative of 187*n**3/3 - 5*n**2 + 76*n - 206. Is f(-15) prime?
False
Is 16/(-168) - ((-4610409)/63)/1 a prime number?
True
Suppose -47*a - 1087007 + 8445788 = 22*a. Is a a composite number?
False
Let o(g) = -760*g + 4. Let f be o(-2). Let y = f + 214. Let k = y + -779. Is k a prime number?
False
Let h = 308757 + 125876. Is h composite?
True
Let k = -141998 - -243265. Is k prime?
True
Suppose 0 = 4*l + 5*h + 3254, -3*l - 2*h = -239 + 2676. Let b = l - -1962. Is b a composite number?
False
Suppose 0 = -3*v - 12, 0 = -2*k - 4*v - 4384 + 658244. Is k composite?
True
Let s = 135 - 135. Suppose s = -5*q - 15, -3*q - 14 = 2*l + 19. Is (6718/l*3)/(1/(-2)) composite?
False
Let p = 5450 + -2139. Let v = -1714 + p. Is v composite?
False
Suppose 3*v - o - 480551 = 286439, 511315 = 2*v + o. Is v a composite number?
True
Let u = -510406 + 1200357. Is u composite?
False
Let a(l) = 43*l + 6. Let w(v) = 43*v + 6. Let s(h) = -2*a(h) + 3*w(h). Let y be s(12). Let q = y + -301. Is q a prime number?
False
Suppose -404458 + 397859 = -17*s + 881804. Is s composite?
False
Suppose -13362 - 9504 = 6*t. Let n = t + 9156. Is n a composite number?
True
Let b(s) = 698*s**3 + 79*s**2 - 9*s - 1. Is b(5) a composite number?
True
Let d(o) = -23*o**3 - 9*o**2 - 2*o + 11. Let h be d(-10). Let q = h - 13072. Is q composite?
False
Let t be 0 + 5 - (-5 + 7). Let w be ((-2)/10)/(t/(-345)). Let g = 324 + w. Is g composite?
False
Let d(i) = i**3 + 10*i**2 + 8*i + 11. Let q be d(-9). Let f(u) = -3*u**2 - 23*u - 81. Let z be f(-11). Let o = q - z. Is o a prime number?
True
Suppose 200*b - 4282965 = 185*b. Is b a composite number?
True
Let s = -103 + 38. Let f = -61 - s. Suppose -24262 = -2*v + f*p, -4*v + 48524 = -p + 2*p. Is v a prime number?
False
Let z(r) = 2*r**2 + r - 2. Let u(i) = -i**3 - 5*i**2 - 2*i - 47. Let h(t) = -u(t) - 3*z(t). Suppose 0*j = j. Is h(j) composite?
False
Suppose 5927570 = -2*t + 17*t - 1661035. Is t a prime number?
True
Suppose 0 = j - 3*q - 443 - 598, 5*j - 4*q = 5183. Suppose 0 = -5*y - 4*r + j, -3*y - 3*r = 31 - 649. Is y a composite number?
False
Let w = 4417 + 2115. Let p = -4073 + w. Is p prime?
True
Suppose -90107 = -2*g - 5*a - 2083, -g + a = -44019. Is g a composite number?
False
Let r(p) = -29*p**2 + 9*p - 33. Let k be r(10). Let n = -1656 - k. Is n a composite number?
False
Let j = -1 - -4. Suppose j*f + 4*o = 2011, f - 681 = -7*o + 3*o. Let q = f + -34. Is q a composite number?
False
Let r(g) = -174*g**3 - 7*g**2 - 219*g - 1803. Is r(-8) prime?
True
Suppose -k + 3*w = 12063 - 457, 0 = -w + 5. Let v = 32286 + k. Is v prime?
False
Let p(t) = -71*t - 21. Let a be (-96)/10 + (-18)/45. Let f be p(a). Let b = f + -66. Is b prime?
False
Suppose -13*x - 798 = -27*x. Let p = 234 - x. Is p prime?
False
Suppose -2*y = -a - 1679, 107*y = 106*y - 4*a + 835. Is y a composite number?
False
Let r = 124 + -119. Suppose 0*d - 3*d = -2*l + 2132, -4286 = -4*l - r*d. Is l composite?
False
Suppose 87*j = 79*j + 94552. Suppose -s - j + 2145 = -4*w, -5*w + 4*s + 12087 = 0. Is w prime?
False
Suppose -5*f + 32 + 32 = 3*z, 4*f - 64 = 4*z. Is (-142307)/(-77) - (-12)/f a composite number?
True
Let r(y) = -5*y + 69. Let p be r(13). Suppose 5*t = h - 15, -5*h + 2*h - 12 = p*t. Is (-6381)/18*(-2 - h) a prime number?
True
Suppose -142*x = -147*x + 5425. Let t = -704 + x. Is t prime?
False
Suppose 5*k - 23909 = 3*s + 18562, -25479 = -3*k + 3*s. Let j be (-1)/(5 - 42484/k). Suppose 5*z - 3548 = -r, -3*z + 4*r - 3*r + j = 0. Is z prime?
True
Let y = 2474334 - 1647763. Is y composite?
False
Let v = -16006 - -26682. Suppose v = 2*p - 86. Is p prime?
True
Suppose 5*g + 4*b = -0*g + 30, -4*b + 10 = -5*g. Let m(i) = -23 - 49*i**2 + 15*i**2 + 13*i**2 - g*i + 22*i**2. Is m(12) a composite number?
False
Let t = 529916 - 356797. Is t prime?
False
Suppose -25*k + 11424737 = 438127 - 4088915. Is k composite?
True
Let y(n) be the third derivative of 1087*n**5/60 + n**4 + 35*n**3/3 + 154*n**2. Is y(-3) a prime number?
True
Let n = 83 - 79. Is (-1747)/(-2) + n - 3/6 prime?
True
Suppose 2*h - 36 - 34 = 0. Let i(q) = 51*q - 44. Is i(h) prime?
True
Let l = 1514401 + -623498. Is l composite?
True
Suppose -5*y = -15*w + 11*w + 1470447, 3*w - 5*y = 1102844. Is w a composite number?
False
Is (65421755/(-6))/(-35) - 15/(-18) a composite number?
False
Suppose -4*q + 8*q - 68316 = -6*m, 22772 = 2*m + 3*q. Is m a composite number?
True
Is ((-152)/(-430) + (-732)/(-15738))/((-1)/(-48665)) composite?
True
Suppose -n + 229241 = 51862. Is n composite?
False
Suppose -5*t + 6281829 = -2*g, t - 887957 - 368436 = -3*g. Is t prime?
True
Let r(t) = -7*t - 12. Let q be r(-6). Suppose 32501 + 47929 = q*o. Is o prime?
False
Let h = -16532 - -30201. Is h prime?
True
Let g(i) = -2*i + 84. 